 is divided by g?
17
Calculate the remainder when (402/(-4))/((-30)/20) is divided by 18.
13
Let x be 6 + (-2 - (2 + -2)). Let j = 7 - x. Suppose j*r - 105 = -39. Calculate the remainder when r is divided by 8.
6
Suppose 8 = 4*i, -5*r - 2*i = -0*i - 189. What is the remainder when r is divided by 8?
5
Let j = 8 + 1. Suppose u = -3*u - t + 9, 0 = -5*u - 2*t + j. What is the remainder when 9 is divided by u?
0
Let z = 15 + -13. Suppose -z*i = -0*i - 10. What is the remainder when 17 is divided by i?
2
Let v(c) = -c**3 + 7*c**2 - 4*c - 4. Let y be v(6). Let u = 9 + y. Let l = 20 - -29. Calculate the remainder when l is divided by u.
15
Suppose -13 + 1 = -4*s. Calculate the remainder when 26/(-4)*(s + -5) is divided by 7.
6
Calculate the remainder when ((-6)/(-15))/(1/295) is divided by 30.
28
Let b be 6/4 + 119/(-14). Suppose -11 - 4 = -2*q + 3*o, -o = -2*q + 21. Let l = b + q. Calculate the remainder when 14 is divided by l.
4
Let f(z) = -2*z + 2. Suppose 3*i = 5*b + 40, -5*i + b = 2*b - 20. Calculate the remainder when f(-8) is divided by i.
3
Let c be 10/(-20) - (-18)/4. Let m be (11 + (0 - 1))*-1. What is the remainder when 11 is divided by (16/(-10))/(c/m)?
3
Let w = 13 - 3. Suppose -106 - 8 = -3*y. Calculate the remainder when y is divided by w.
8
Let z = 7 - 3. Suppose 0 = -z*g + 28. Suppose 0 = -3*l + 31 - g. Calculate the remainder when 23 is divided by l.
7
Suppose 410 = 5*t + 2*m + 3*m, 3*m = -t + 80. What is the remainder when t is divided by 43?
40
Let h(t) = t**2 - 7*t + 14. Suppose -u + 2 + 4 = 0. What is the remainder when 23 is divided by h(u)?
7
Suppose -t + 3 + 2 = 0. Suppose 2*l = -5*z + 95, l = -z - t + 27. Calculate the remainder when 31 is divided by z.
14
Let b(o) = -o**3 + 10*o**2 - 8*o - 6. Let i = 7 - 6. Calculate the remainder when b(9) is divided by i.
0
Suppose -5*x = -2*x - 18. Let y(f) = -f**3 - 9*f**2 - 8*f + 10. Calculate the remainder when y(-8) is divided by x.
4
Let r be (-2 + 3)*0 + 1. Suppose 2*s - 3*s = -56. Calculate the remainder when s is divided by ((-3)/3)/(r/(-19)).
18
Suppose 0 = 6*t - t - 30. Let f(y) = -y**3 + 2*y**3 - y + 4 - 6*y**2 + 4. Calculate the remainder when 4 is divided by f(t).
0
Suppose -5*m + 269 = 4*u, -8*u = -13*u - 2*m + 349. What is the remainder when u is divided by 18?
17
Let o = 43 + -34. What is the remainder when 98 is divided by o?
8
Suppose -4*z + z - 12 = 0. Suppose 23 = 5*k + x, 0 = -0*k + 4*k - x - 13. What is the remainder when z/16 + 85/k is divided by 11?
10
What is the remainder when 6/14 + 764/14 is divided by (2 - (-4)/2) + 24?
27
Suppose -5*h + 23 + 132 = 0. Let p = -23 + h. What is the remainder when 13 is divided by p?
5
Let b = 26 + -16. What is the remainder when 79 is divided by b?
9
Let j(y) = y**2 - y - 2. Let c be j(3). Suppose -c*f + 9 = -3*f. What is the remainder when 24 is divided by f?
6
Let a = 129 - 101. Calculate the remainder when a is divided by 16.
12
Suppose 6*v - 13 - 251 = 0. Calculate the remainder when v is divided by 24.
20
Let r = -36 + 17. Let f = -11 - r. Calculate the remainder when (-4)/(-16) - 174/(-8) is divided by f.
6
Suppose -5*s + 5 = -5*a, 1 = -2*s - 0*a + 3*a. Calculate the remainder when 47 is divided by 13 + (-2)/(s/(-6)).
15
Let t be (6/(-18))/(1/123). Let p = -12 - t. What is the remainder when p is divided by 8?
5
Let m(j) = j + 8. What is the remainder when m(10) is divided by 7?
4
Let o = 7 + -12. Let k = -3 - o. Let z = k + 11. Calculate the remainder when z is divided by 4.
1
Let n = 5 + 0. Suppose 3 = -2*r + 19. What is the remainder when r is divided by n?
3
Let x(f) = 4*f - 1. Calculate the remainder when 245 is divided by x(8).
28
Let p(l) = -4*l + 1. Let r be p(-2). Let c(x) = x + 4. Let z = -6 + 44. What is the remainder when z is divided by c(r)?
12
Suppose 0 = 3*p, 2*z - 3*z = -3*p - 4. What is the remainder when z is divided by 4?
0
Suppose 3*t = 7 + 8. Let n(x) be the third derivative of -x**5/60 + 7*x**4/24 + 2*x**2. Calculate the remainder when 18 is divided by n(t).
8
Suppose -5*w = -q + 14, -w - 9 = 4*q - 23. Suppose 0*u - 3*y + 13 = u, 3*y - 61 = -q*u. Calculate the remainder when u is divided by 6.
4
Suppose 2*s - 7 = -3. Calculate the remainder when 8 is divided by s.
0
Suppose 4*g - 52 = 5*i, -2*g - i = -g - 13. Let m = 50 - 27. What is the remainder when m is divided by g?
10
Calculate the remainder when 122 is divided by (3 - 4 - 1) + 3 + 30.
29
What is the remainder when 118 is divided by 2/(-5) + 610/25?
22
Let t(o) = o**3 + 16*o**2 - 20*o - 17. What is the remainder when t(-17) is divided by 12?
10
Suppose 19 = -2*x - 3*w, 43 - 16 = -3*x - 3*w. What is the remainder when (4/x)/((-1)/82) is divided by 14?
13
Let j = 5 - 4. Let h = j - -3. Suppose -t = h*l - 66, 4*l - t = -0*l + 62. What is the remainder when l is divided by 9?
7
Suppose 2*k = -2*k. Suppose -f + k*f = -61. Calculate the remainder when f is divided by 16.
13
Let y(w) = 4 - 6 - 4*w**2 + w**3 - 6 - 7*w. Let j be y(6). Let k = j - 12. Calculate the remainder when 18 is divided by k.
8
Let h = 2 - -1. Suppose -5*u = -3*u + 4*b - 6, -4*b + 11 = h*u. Let v(n) = -n**2 + 6*n. Calculate the remainder when 8 is divided by v(u).
3
Suppose 5*z = -5*z + 140. What is the remainder when z is divided by 6?
2
Suppose -3*w - 141 = -6*w + 3*r, -2*r + 218 = 4*w. Let c(v) = -v**2 + 6*v - 3. Let y be c(7). Let s = 28 + y. What is the remainder when w is divided by s?
16
Suppose 0*r = -5*c - 3*r + 25, 0 = -5*c - 4*r + 25. Calculate the remainder when 13 is divided by c.
3
Suppose 0*c - 4*c + 15 = -m, -5*m = c - 30. Suppose 10 = -m*d - 10. Let y(w) = w**3 + 5*w**2 + 4*w + 6. Calculate the remainder when 17 is divided by y(d).
5
Suppose -5*z + z = -5*k - 73, 0 = -3*z + 4*k + 54. Suppose 4*s - 212 = -0*s. Calculate the remainder when s is divided by (z - 4)*(1 + 0).
17
Let c(j) = -j**3 + j**2 - j + 124. Let t be c(0). What is the remainder when 36 is divided by t/10 + 36/60?
10
Suppose 0 = -2*h + 3*h - 69. Let g(f) = -5*f + 54. Calculate the remainder when h is divided by g(6).
21
What is the remainder when 591/4 + 21/(-28) is divided by 50?
47
What is the remainder when 27 is divided by (-6)/30 + (-51)/(-5)?
7
Suppose 3*z = 7 + 11. Let q be ((-34)/(-3))/((-6)/9). Let d = -1 - q. Calculate the remainder when d is divided by z.
4
Let v(p) = p**3 - 5*p**2 - 6*p + 1. Suppose -6*j = -3*j - 18. Let o be v(j). Calculate the remainder when (o/(-1))/1*-45 is divided by 16.
13
What is the remainder when 212 is divided by (-218)/(-3) + 3/(27/(-6))?
68
Suppose -j + 5*v = 3*j - 8, -3*j + 4*v = -6. Suppose j*y - 138 = -y. What is the remainder when y is divided by 12?
10
Suppose 0 = 5*j + 5*f - 2*f - 27, f = -4*j + 16. What is the remainder when (18/(-8))/(2/(-8)) is divided by j?
0
Suppose -3*g + 39 - 6 = 0. Calculate the remainder when (-4 - -7)*(-32)/(-3) is divided by g.
10
Suppose -34*v + 42 + 60 = 0. Let m(x) = -2*x - 2. What is the remainder when m(-4) is divided by v?
0
Suppose -32 = 3*r + 5*o, -2*r + 3*o - o = 0. Let l = -1 - r. Calculate the remainder when l is divided by 2.
1
Suppose -17*i = -14*i - 66. What is the remainder when 85 is divided by i?
19
Let n be -18 + 0/(0 + -1). Let t = 34 + n. Let l = -23 + 32. Calculate the remainder when t is divided by l.
7
Suppose -529 = -15*h - 169. What is the remainder when h is divided by 15?
9
Let j(z) = z**3 + 15*z**2 - z - 1. What is the remainder when 26 is divided by j(-15)?
12
Let y be (-69 - 0)*2/(-6). Let j = y + -9. What is the remainder when 40 is divided by j?
12
Let x be (5/4)/((-4)/16). Let u(w) = w**2 + 6*w + 5. Let t be u(x). What is the remainder when 22 is divided by (t - 6)/(1/(-2))?
10
Suppose 0*a - c = -a, 2 = 3*a - 2*c. Suppose q - a*k = 10 + 4, 2*k + 6 = -q. Calculate the remainder when 7 is divided by q.
3
Let p(b) = -b**3 + 4*b**2 + 8*b - 5. Suppose 4*f = -3*j + 77, 5*j - j = 4*f + 56. Calculate the remainder when j is divided by p(5).
9
Suppose -5*v = -2*h - 18, 4*v - 3*h = -v + 22. Let g(y) = 4*y - 2. Calculate the remainder when 17 is divided by g(v).
5
Let v = 8 - 3. Suppose 0 = -v*a + 10 + 35. Let d = 20 - a. Calculate the remainder when d is divided by 4.
3
Suppose 0 = -8*s + 4*s + 52. Let u be 2 - (1 + -2 + 3). Suppose u*m + 5*o = 2*m - 40, 0 = 5*m + 3*o - 131. Calculate the remaind